{"id":269,"date":"2024-05-28T13:45:22","date_gmt":"2024-05-28T13:45:22","guid":{"rendered":"https:\/\/www.pozosazules.uy\/?page_id=269"},"modified":"2024-06-27T15:40:23","modified_gmt":"2024-06-27T15:40:23","slug":"estancia","status":"publish","type":"page","link":"https:\/\/www.pozosazules.uy\/?page_id=269","title":{"rendered":"Estancia"},"content":{"rendered":"<p>&nbsp;<\/p>\n<p><strong><span style=\"color: #ff0000;\">TARIFA:\u00a0 389 USD\/dia\u00a0 ( CONSULTE POR OFERTA ENTRE SEMANA DE USD 250!!)\u00a0<\/span><\/strong><br \/>\nEstadia m\u00ednima de 3 dias (es decir, 2 noches)<br \/>\nCapacidad : 8 hu\u00e9spedes<\/p>\n<p><strong>LA TARIFA INCLUYE:<\/strong><\/p>\n<p>Casa principal cuenta con:<\/p>\n<p>4 cuartos (2 con cama doble, 1 con cama de 1 \u00bd plaza y 1 con 2 camas individuales)<br \/>\n2 ba\u00f1os completos<br \/>\n1 ba\u00f1o externo<br \/>\nPiscina exterior (habilitada de noviembre a marzo)<br \/>\nZona barbacoa c\/parrillero techado<br \/>\n1 sala de juegos: (C\/ mesa ping pong, futbolito, biblioteca, tablero de dardos, equipos de pesca, palos de golf, cancha de futbol).<br \/>\nZona de ni\u00f1os externa c\/casita de madera.<\/p>\n<p><strong><span style=\"color: #ff0000;\">CALENDARIO DE DISPONIBILIDAD MES DE JULIO\u00a0<\/span> (en color blanco)<\/strong><\/p>\n<p><img loading=\"lazy\" decoding=\"async\" class=\"alignnone  wp-image-449\" src=\"https:\/\/www.pozosazules.uy\/wp-content\/uploads\/2024\/06\/agenda-300x249.jpg\" alt=\"\" width=\"425\" height=\"353\" srcset=\"https:\/\/www.pozosazules.uy\/wp-content\/uploads\/2024\/06\/agenda-300x249.jpg 300w, https:\/\/www.pozosazules.uy\/wp-content\/uploads\/2024\/06\/agenda.jpg 729w\" sizes=\"auto, (max-width: 425px) 100vw, 425px\" \/><\/p>\n<p>&nbsp;<\/p>\n<p><strong>ACTIVIDADES (incluidas en la tarifa):<\/strong><\/p>\n<p>-Alojamiento en la casa principal con servicio de limpieza (no incluye lavado de vajilla), ropa de cama, toallas, le\u00f1a, wifi, Direct TV.<br \/>\n-Desayuno<br \/>\n-Uso de las instalaciones (parrillero, piscina, granja animal)<br \/>\n-Trekking a los Pozos Azules, Trekking a las Sierras de las Animas, actividades de granja, jeep, cuatriciclo, kayak.<br \/>\n-Adem\u00e1s tendr\u00e1n a disposici\u00f3n caballos criollos mansos para realizar cabalgatas.<\/p>\n<p><strong>Pol\u00edticas de cancelaci\u00f3n:<\/strong><\/p>\n<p>Si se cancela 1 semana antes de la fecha de ingreso, la cancelaci\u00f3n no tendr\u00e1 cargo y el importe del deposito quedara a favor por 3 meses para otra reserva.<\/p>\n<p>De lo contrario se cobrar\u00e1 un 50% del importe del deposito como multa, y el 50% restante del importe abonado queda como cr\u00e9dito a favor en la estancia, para utilizar a futuro.<br \/>\nEn caso de no presentarse el d\u00eda del ingreso sin solicitar la cancelaci\u00f3n previamente, la multa ser\u00e1 del 100% del importe abonado.<\/p>\n<p>CHECK IN: 10:00<br \/>\nCHECK OUT: 19:00<\/p>\n<p><span style=\"color: #339966;\"><strong>CONSULTA DIRECTA WHATSAPP <a href=\"https:\/\/api.whatsapp.com\/send?phone=%2B598099803960&amp;text=Deseo%2Breservar%2BEstancia\">CLICK AQUI!!<\/a><\/strong><\/span><\/p>\n<p>&nbsp;<\/p>\n\n\t\t<style type=\"text\/css\">\n\t\t\t#gallery-1 {\n\t\t\t\tmargin: auto;\n\t\t\t}\n\t\t\t#gallery-1 .gallery-item {\n\t\t\t\tfloat: left;\n\t\t\t\tmargin-top: 10px;\n\t\t\t\ttext-align: center;\n\t\t\t\twidth: 20%;\n\t\t\t}\n\t\t\t#gallery-1 img {\n\t\t\t\tborder: 2px solid #cfcfcf;\n\t\t\t}\n\t\t\t#gallery-1 .gallery-caption {\n\t\t\t\tmargin-left: 0;\n\t\t\t}\n\t\t\t\/* see gallery_shortcode() in wp-includes\/media.php *\/\n\t\t<\/style>\n\t\t<div id='gallery-1' class='gallery galleryid-269 gallery-columns-5 gallery-size-thumbnail'><dl class='gallery-item'>\n\t\t\t<dt class='gallery-icon portrait'>\n\t\t\t\t<a href='https:\/\/www.pozosazules.uy\/wp-content\/uploads\/2024\/05\/118213317_314610309881770_82073957496953838_n-600x750-1.jpg'><img loading=\"lazy\" decoding=\"async\" width=\"150\" height=\"150\" src=\"https:\/\/www.pozosazules.uy\/wp-content\/uploads\/2024\/05\/118213317_314610309881770_82073957496953838_n-600x750-1-150x150.jpg\" class=\"attachment-thumbnail size-thumbnail\" alt=\"\" srcset=\"https:\/\/www.pozosazules.uy\/wp-content\/uploads\/2024\/05\/118213317_314610309881770_82073957496953838_n-600x750-1-150x150.jpg 150w, https:\/\/www.pozosazules.uy\/wp-content\/uploads\/2024\/05\/118213317_314610309881770_82073957496953838_n-600x750-1-300x300.jpg 300w, https:\/\/www.pozosazules.uy\/wp-content\/uploads\/2024\/05\/118213317_314610309881770_82073957496953838_n-600x750-1-100x100.jpg 100w\" sizes=\"auto, (max-width: 150px) 100vw, 150px\" \/><\/a>\n\t\t\t<\/dt><\/dl><dl class='gallery-item'>\n\t\t\t<dt class='gallery-icon landscape'>\n\t\t\t\t<a href='https:\/\/www.pozosazules.uy\/wp-content\/uploads\/2024\/05\/185270993_527536081922524_7079738336714742784_n.jpg'><img loading=\"lazy\" decoding=\"async\" width=\"150\" height=\"150\" src=\"https:\/\/www.pozosazules.uy\/wp-content\/uploads\/2024\/05\/185270993_527536081922524_7079738336714742784_n-150x150.jpg\" class=\"attachment-thumbnail size-thumbnail\" alt=\"\" srcset=\"https:\/\/www.pozosazules.uy\/wp-content\/uploads\/2024\/05\/185270993_527536081922524_7079738336714742784_n-150x150.jpg 150w, https:\/\/www.pozosazules.uy\/wp-content\/uploads\/2024\/05\/185270993_527536081922524_7079738336714742784_n-300x300.jpg 300w, https:\/\/www.pozosazules.uy\/wp-content\/uploads\/2024\/05\/185270993_527536081922524_7079738336714742784_n-100x100.jpg 100w\" sizes=\"auto, (max-width: 150px) 100vw, 150px\" \/><\/a>\n\t\t\t<\/dt><\/dl><dl class='gallery-item'>\n\t\t\t<dt class='gallery-icon landscape'>\n\t\t\t\t<a href='https:\/\/www.pozosazules.uy\/wp-content\/uploads\/2024\/05\/185998706_531154454894020_674306416477407369_n.jpg'><img loading=\"lazy\" decoding=\"async\" width=\"150\" height=\"150\" src=\"https:\/\/www.pozosazules.uy\/wp-content\/uploads\/2024\/05\/185998706_531154454894020_674306416477407369_n-150x150.jpg\" class=\"attachment-thumbnail size-thumbnail\" alt=\"\" srcset=\"https:\/\/www.pozosazules.uy\/wp-content\/uploads\/2024\/05\/185998706_531154454894020_674306416477407369_n-150x150.jpg 150w, https:\/\/www.pozosazules.uy\/wp-content\/uploads\/2024\/05\/185998706_531154454894020_674306416477407369_n-300x300.jpg 300w, https:\/\/www.pozosazules.uy\/wp-content\/uploads\/2024\/05\/185998706_531154454894020_674306416477407369_n-100x100.jpg 100w\" sizes=\"auto, (max-width: 150px) 100vw, 150px\" \/><\/a>\n\t\t\t<\/dt><\/dl><dl class='gallery-item'>\n\t\t\t<dt class='gallery-icon portrait'>\n\t\t\t\t<a href='https:\/\/www.pozosazules.uy\/wp-content\/uploads\/2024\/05\/345046845_793576885625552_4554374383882293158_n.jpg'><img loading=\"lazy\" decoding=\"async\" width=\"150\" height=\"150\" src=\"https:\/\/www.pozosazules.uy\/wp-content\/uploads\/2024\/05\/345046845_793576885625552_4554374383882293158_n-150x150.jpg\" class=\"attachment-thumbnail size-thumbnail\" alt=\"\" srcset=\"https:\/\/www.pozosazules.uy\/wp-content\/uploads\/2024\/05\/345046845_793576885625552_4554374383882293158_n-150x150.jpg 150w, https:\/\/www.pozosazules.uy\/wp-content\/uploads\/2024\/05\/345046845_793576885625552_4554374383882293158_n-300x300.jpg 300w, https:\/\/www.pozosazules.uy\/wp-content\/uploads\/2024\/05\/345046845_793576885625552_4554374383882293158_n-100x100.jpg 100w\" sizes=\"auto, (max-width: 150px) 100vw, 150px\" \/><\/a>\n\t\t\t<\/dt><\/dl><dl class='gallery-item'>\n\t\t\t<dt class='gallery-icon portrait'>\n\t\t\t\t<a href='https:\/\/www.pozosazules.uy\/wp-content\/uploads\/2024\/05\/346648591_285245257165018_6098857526199815873_n.jpg'><img loading=\"lazy\" decoding=\"async\" width=\"150\" height=\"150\" src=\"https:\/\/www.pozosazules.uy\/wp-content\/uploads\/2024\/05\/346648591_285245257165018_6098857526199815873_n-150x150.jpg\" class=\"attachment-thumbnail size-thumbnail\" alt=\"\" srcset=\"https:\/\/www.pozosazules.uy\/wp-content\/uploads\/2024\/05\/346648591_285245257165018_6098857526199815873_n-150x150.jpg 150w, https:\/\/www.pozosazules.uy\/wp-content\/uploads\/2024\/05\/346648591_285245257165018_6098857526199815873_n-300x300.jpg 300w, https:\/\/www.pozosazules.uy\/wp-content\/uploads\/2024\/05\/346648591_285245257165018_6098857526199815873_n-100x100.jpg 100w\" sizes=\"auto, (max-width: 150px) 100vw, 150px\" \/><\/a>\n\t\t\t<\/dt><\/dl><br style=\"clear: both\" \/><dl class='gallery-item'>\n\t\t\t<dt class='gallery-icon portrait'>\n\t\t\t\t<a href='https:\/\/www.pozosazules.uy\/wp-content\/uploads\/2024\/05\/348282015_261269726313081_8463776247485610585_n.jpg'><img loading=\"lazy\" decoding=\"async\" width=\"150\" height=\"150\" src=\"https:\/\/www.pozosazules.uy\/wp-content\/uploads\/2024\/05\/348282015_261269726313081_8463776247485610585_n-150x150.jpg\" class=\"attachment-thumbnail size-thumbnail\" alt=\"\" srcset=\"https:\/\/www.pozosazules.uy\/wp-content\/uploads\/2024\/05\/348282015_261269726313081_8463776247485610585_n-150x150.jpg 150w, https:\/\/www.pozosazules.uy\/wp-content\/uploads\/2024\/05\/348282015_261269726313081_8463776247485610585_n-300x300.jpg 300w, https:\/\/www.pozosazules.uy\/wp-content\/uploads\/2024\/05\/348282015_261269726313081_8463776247485610585_n-100x100.jpg 100w\" sizes=\"auto, (max-width: 150px) 100vw, 150px\" \/><\/a>\n\t\t\t<\/dt><\/dl><dl class='gallery-item'>\n\t\t\t<dt class='gallery-icon portrait'>\n\t\t\t\t<a href='https:\/\/www.pozosazules.uy\/wp-content\/uploads\/2024\/05\/352382105_909415490145082_6674606560230233434_n.jpg'><img loading=\"lazy\" decoding=\"async\" width=\"150\" height=\"150\" src=\"https:\/\/www.pozosazules.uy\/wp-content\/uploads\/2024\/05\/352382105_909415490145082_6674606560230233434_n-150x150.jpg\" class=\"attachment-thumbnail size-thumbnail\" alt=\"\" srcset=\"https:\/\/www.pozosazules.uy\/wp-content\/uploads\/2024\/05\/352382105_909415490145082_6674606560230233434_n-150x150.jpg 150w, https:\/\/www.pozosazules.uy\/wp-content\/uploads\/2024\/05\/352382105_909415490145082_6674606560230233434_n-300x300.jpg 300w, https:\/\/www.pozosazules.uy\/wp-content\/uploads\/2024\/05\/352382105_909415490145082_6674606560230233434_n-100x100.jpg 100w\" sizes=\"auto, (max-width: 150px) 100vw, 150px\" \/><\/a>\n\t\t\t<\/dt><\/dl><dl class='gallery-item'>\n\t\t\t<dt class='gallery-icon portrait'>\n\t\t\t\t<a href='https:\/\/www.pozosazules.uy\/wp-content\/uploads\/2024\/05\/356406097_745990854193236_4916226789688974668_n.jpg'><img loading=\"lazy\" decoding=\"async\" width=\"150\" height=\"150\" src=\"https:\/\/www.pozosazules.uy\/wp-content\/uploads\/2024\/05\/356406097_745990854193236_4916226789688974668_n-150x150.jpg\" class=\"attachment-thumbnail size-thumbnail\" alt=\"\" srcset=\"https:\/\/www.pozosazules.uy\/wp-content\/uploads\/2024\/05\/356406097_745990854193236_4916226789688974668_n-150x150.jpg 150w, https:\/\/www.pozosazules.uy\/wp-content\/uploads\/2024\/05\/356406097_745990854193236_4916226789688974668_n-300x300.jpg 300w, https:\/\/www.pozosazules.uy\/wp-content\/uploads\/2024\/05\/356406097_745990854193236_4916226789688974668_n-100x100.jpg 100w\" sizes=\"auto, (max-width: 150px) 100vw, 150px\" \/><\/a>\n\t\t\t<\/dt><\/dl><dl class='gallery-item'>\n\t\t\t<dt class='gallery-icon portrait'>\n\t\t\t\t<a href='https:\/\/www.pozosazules.uy\/wp-content\/uploads\/2024\/05\/359772124_756139583178363_4235356427753507894_n.jpg'><img loading=\"lazy\" decoding=\"async\" width=\"150\" height=\"150\" src=\"https:\/\/www.pozosazules.uy\/wp-content\/uploads\/2024\/05\/359772124_756139583178363_4235356427753507894_n-150x150.jpg\" class=\"attachment-thumbnail size-thumbnail\" alt=\"\" srcset=\"https:\/\/www.pozosazules.uy\/wp-content\/uploads\/2024\/05\/359772124_756139583178363_4235356427753507894_n-150x150.jpg 150w, https:\/\/www.pozosazules.uy\/wp-content\/uploads\/2024\/05\/359772124_756139583178363_4235356427753507894_n-300x300.jpg 300w, https:\/\/www.pozosazules.uy\/wp-content\/uploads\/2024\/05\/359772124_756139583178363_4235356427753507894_n-100x100.jpg 100w\" sizes=\"auto, (max-width: 150px) 100vw, 150px\" \/><\/a>\n\t\t\t<\/dt><\/dl><dl class='gallery-item'>\n\t\t\t<dt class='gallery-icon portrait'>\n\t\t\t\t<a href='https:\/\/www.pozosazules.uy\/wp-content\/uploads\/2024\/05\/363964334_764988335626821_7363126468337446995_n.jpg'><img loading=\"lazy\" decoding=\"async\" width=\"150\" height=\"150\" src=\"https:\/\/www.pozosazules.uy\/wp-content\/uploads\/2024\/05\/363964334_764988335626821_7363126468337446995_n-150x150.jpg\" class=\"attachment-thumbnail size-thumbnail\" alt=\"\" srcset=\"https:\/\/www.pozosazules.uy\/wp-content\/uploads\/2024\/05\/363964334_764988335626821_7363126468337446995_n-150x150.jpg 150w, https:\/\/www.pozosazules.uy\/wp-content\/uploads\/2024\/05\/363964334_764988335626821_7363126468337446995_n-300x300.jpg 300w, https:\/\/www.pozosazules.uy\/wp-content\/uploads\/2024\/05\/363964334_764988335626821_7363126468337446995_n-100x100.jpg 100w\" sizes=\"auto, (max-width: 150px) 100vw, 150px\" \/><\/a>\n\t\t\t<\/dt><\/dl><br style=\"clear: both\" \/><dl class='gallery-item'>\n\t\t\t<dt class='gallery-icon portrait'>\n\t\t\t\t<a href='https:\/\/www.pozosazules.uy\/wp-content\/uploads\/2024\/05\/WhatsApp-Image-2023-08-15-at-10.38.11.jpeg'><img loading=\"lazy\" decoding=\"async\" width=\"150\" height=\"150\" src=\"https:\/\/www.pozosazules.uy\/wp-content\/uploads\/2024\/05\/WhatsApp-Image-2023-08-15-at-10.38.11-150x150.jpeg\" class=\"attachment-thumbnail size-thumbnail\" alt=\"\" srcset=\"https:\/\/www.pozosazules.uy\/wp-content\/uploads\/2024\/05\/WhatsApp-Image-2023-08-15-at-10.38.11-150x150.jpeg 150w, https:\/\/www.pozosazules.uy\/wp-content\/uploads\/2024\/05\/WhatsApp-Image-2023-08-15-at-10.38.11-300x300.jpeg 300w, https:\/\/www.pozosazules.uy\/wp-content\/uploads\/2024\/05\/WhatsApp-Image-2023-08-15-at-10.38.11-100x100.jpeg 100w\" sizes=\"auto, (max-width: 150px) 100vw, 150px\" \/><\/a>\n\t\t\t<\/dt><\/dl>\n\t\t\t<br style='clear: both' \/>\n\t\t<\/div>\n\n<p>Vea nuestra pol\u00edtica de reservas, cancelaciones, etc. CLICK AQUI<br \/>\n<a href=\"https:\/\/www.pozosazules.uy\/wp-content\/uploads\/2024\/05\/POLITICA-DE-RESERVAS-CANCELACIONES-RECLAMOS-Y-DEVOLUCIONES.pdf\">POL\u00cdTICA DE RESERVAS CANCELACIONES RECLAMOS Y DEVOLUCIONES<\/a><\/p>\n","protected":false},"excerpt":{"rendered":"<p>&nbsp; TARIFA:\u00a0 389 USD\/dia\u00a0 ( CONSULTE POR OFERTA ENTRE SEMANA DE USD 250!!)\u00a0 Estadia m\u00ednima de 3 dias (es decir, 2 noches) Capacidad : 8 hu\u00e9spedes LA TARIFA INCLUYE: Casa principal cuenta con: 4 cuartos (2 con cama doble, 1 con cama de 1 \u00bd plaza y 1 con 2 camas individuales) 2 ba\u00f1os completos&hellip; <br \/> <a class=\"read-more\" href=\"https:\/\/www.pozosazules.uy\/?page_id=269\">Leer m\u00e1s<\/a><\/p>\n","protected":false},"author":1,"featured_media":0,"parent":0,"menu_order":2,"comment_status":"closed","ping_status":"closed","template":"","meta":{"footnotes":""},"class_list":["post-269","page","type-page","status-publish","hentry"],"_links":{"self":[{"href":"https:\/\/www.pozosazules.uy\/index.php?rest_route=\/wp\/v2\/pages\/269","targetHints":{"allow":["GET"]}}],"collection":[{"href":"https:\/\/www.pozosazules.uy\/index.php?rest_route=\/wp\/v2\/pages"}],"about":[{"href":"https:\/\/www.pozosazules.uy\/index.php?rest_route=\/wp\/v2\/types\/page"}],"author":[{"embeddable":true,"href":"https:\/\/www.pozosazules.uy\/index.php?rest_route=\/wp\/v2\/users\/1"}],"replies":[{"embeddable":true,"href":"https:\/\/www.pozosazules.uy\/index.php?rest_route=%2Fwp%2Fv2%2Fcomments&post=269"}],"version-history":[{"count":12,"href":"https:\/\/www.pozosazules.uy\/index.php?rest_route=\/wp\/v2\/pages\/269\/revisions"}],"predecessor-version":[{"id":450,"href":"https:\/\/www.pozosazules.uy\/index.php?rest_route=\/wp\/v2\/pages\/269\/revisions\/450"}],"wp:attachment":[{"href":"https:\/\/www.pozosazules.uy\/index.php?rest_route=%2Fwp%2Fv2%2Fmedia&parent=269"}],"curies":[{"name":"wp","href":"https:\/\/api.w.org\/{rel}","templated":true}]}}